et m be (-704)/(-10) - 2/5. Let u(h) = 2*h - 14. Let o be u(12). Calculate the greatest common divisor of m and o.
10
Let v = 66 - 52. What is the greatest common divisor of v and 35?
7
Let v(t) = -t**3 - 7*t**2 - t - 5. Let h be v(-7). What is the highest common divisor of h and 6?
2
Suppose -8*a - 98 = -9*a. What is the highest common factor of a and 245?
49
Suppose -71 = -4*q + 309. Let a = -47 + q. Calculate the highest common divisor of a and 6.
6
Suppose c = 4*p + 263, 0 = -6*c + 4*c + 4*p + 542. What is the highest common factor of c and 31?
31
Suppose 0*z + z = 2. Suppose z*b - 24 = -2*d + 6*b, 4*d - 108 = -4*b. Suppose h - d = -h. What is the greatest common factor of 66 and h?
11
Suppose 0 = -4*s + 3*s + 14. Let u = s - -8. Calculate the highest common divisor of u and 55.
11
Let s = -57 + 64. Calculate the greatest common divisor of s and 7.
7
Let l = -75 - -115. Let g(m) = m**2 + 8. Let d be g(0). Calculate the highest common factor of d and l.
8
Suppose p + 0 + 4 = 0, -4*c + 144 = -4*p. What is the highest common factor of c and 96?
32
Suppose -3*j - 2*a = -6*a - 23, -3*a - 10 = 5*j. Calculate the greatest common divisor of j and 5.
1
Let w = 47 - 12. Let s be 138/10 + (-2)/(-10). Calculate the highest common factor of s and w.
7
Let h = 32 + -12. Let j(d) = 2*d**2 + 2*d - 10. Let u be j(5). What is the greatest common factor of u and h?
10
Let j(k) = 2*k**2 - 3*k. Let s be j(2). Suppose 5 = s*t - t. Suppose -o = t*y - 53, -3*y - 1 + 4 = 0. Calculate the highest common factor of o and 6.
6
Let o = -53 - -71. Calculate the greatest common factor of o and 27.
9
Let p = -37 - -51. What is the greatest common factor of 28 and p?
14
Suppose 22 = 6*a - 62. What is the highest common divisor of 7 and a?
7
Let g(l) = -2*l**2 + 3*l - 4*l**2 - 98*l**3 + 3 - 1 + 101*l**3. Let m be g(4). Calculate the greatest common divisor of m and 44.
22
Suppose m + 3 = -6. Let u = m + 17. Calculate the greatest common factor of 72 and u.
8
Suppose -4*w - w - 110 = 0. Let r = w + 42. Calculate the highest common divisor of 50 and r.
10
Suppose 30 = l + l. Calculate the highest common divisor of l and 240.
15
Let b be 2/(-6) + 68/6. Suppose 4*p + 3 = -x - 5, 3*x - 5*p = -7. Let t be (-225)/(-21) - x/14. Calculate the highest common factor of t and b.
11
Let b be 1*(81 + 1) + -1. Let t be ((-18)/(-4))/((-1)/(-2)). Suppose -t = -2*z + 9. Calculate the greatest common divisor of b and z.
9
Let l = 10 - 6. Suppose -4*c + 8 = -2*c. Calculate the greatest common divisor of c and l.
4
Suppose -3*l + 6 = -0*l. Let d(r) = r**2 + 3*r - 4. Let x be d(2). What is the highest common divisor of x and l?
2
Let r = -14 - -8. Let l = 24 + r. Suppose o + 0*o - l = 0. What is the highest common divisor of o and 36?
18
Let u(v) = -v**3 + v**2 + v - 11. Let c be u(-4). Let p = 2 - 4. Let z be 0 - (-25 + p + 1). Calculate the greatest common divisor of z and c.
13
Suppose -17 = -3*v + 4. Suppose 5*r - 123 - 37 = 0. Let b = -18 + r. What is the greatest common factor of b and v?
7
Suppose -4*h = 2*y - 16, 5*y + h = -3*h + 22. What is the greatest common factor of 20 and y?
2
Let r be (2/3)/((-22)/(-495)). Let k = 0 - 0. Suppose k*w = -3*w + r. What is the highest common divisor of w and 40?
5
Suppose -5*b + 3*p + 65 = 0, -2*b = 2*p - p - 26. What is the greatest common divisor of 13 and b?
13
Suppose 3*v + 132 = 9*v. What is the greatest common factor of v and 55?
11
Let u(n) = 2*n**2 - 9*n + 6. Let f be u(6). Let c = 16 + -10. Let j(s) = -s**3 + 7*s**2 - 4*s. Let w be j(c). What is the greatest common divisor of w and f?
12
Let b(o) = 1991*o**2 - o. Let g be b(-1). Suppose 429 = p + 4*c, g = 5*p - c - 132. Let u be p/20 + (-1)/4. What is the highest common factor of 21 and u?
21
Let b = -2 - -9. Suppose 3*h + 180 = b*h. Calculate the highest common factor of 9 and h.
9
Let l(b) = -b - 7. Let f be l(-10). Suppose 3*a - 6 = f. Suppose a = -i + 9. What is the highest common divisor of i and 2?
2
Let a(j) = 5*j**3 - 13*j**2 - 3*j + 10. Let l be a(4). Calculate the greatest common factor of l and 10.
10
Suppose 0 = 8*x - 6*x - 4*i + 2, i - 3 = -2*x. Calculate the greatest common divisor of x and 11.
1
Suppose 0 = q - 3*u - 3 - 26, q + 3*u = -1. Let v = -1 + 15. What is the highest common divisor of v and q?
14
Let f = -2 - -4. Suppose 0 = 2*l + 2*l + 116. Let n be (-5)/(-10) - l/f. What is the highest common factor of 135 and n?
15
Let t(z) = -5 + 1 - 3*z**2 - 2*z + z - 2*z**3 + 3*z**3. Let a be t(4). Let g be (0 + 2)/2 + 0. Calculate the greatest common divisor of g and a.
1
Let b be 0 - 1 - (4 + -4). Let y be b*12/(-4) - -33. What is the greatest common divisor of y and 24?
12
Let b = -39 - -49. What is the greatest common factor of 150 and b?
10
Let r(v) = -v**2 + 3*v + 3. Let d be r(3). Suppose 3*g + 3*i - 4 = 8, d*i = -5*g + 18. Calculate the greatest common factor of 12 and g.
3
Suppose -15*s + 5*s = -20. Calculate the greatest common factor of s and 5.
1
Let d(b) = -5*b - 7. Let r(l) = l**3 + 8*l**2 + 10*l + 10. Let t be r(-7). Let q be d(t). What is the highest common factor of q and 8?
8
Let l(u) = -u**2 + 2*u. Let z be l(-4). Let c be (28/(-6))/(2/z). What is the highest common divisor of 7 and c?
7
Suppose -4*a = -a - 342. What is the highest common divisor of 19 and a?
19
Let v = -77 + 92. Suppose -20 = -5*f + 4*k + 63, -5*k - 10 = 0. Calculate the highest common factor of v and f.
15
Let r(j) = j**2 + 4*j + 3. Let m = -7 - -4. Let a be r(m). Suppose a = h + h - 14. Calculate the highest common divisor of h and 35.
7
Let d(r) = -r**2 + 4*r - 1. Let t be d(3). Suppose -q - 3*q - 35 = -3*u, -63 = -5*u + t*q. What is the highest common factor of u and 143?
13
Suppose -2*i = 2*i - 8. Suppose -y - y = -4. Calculate the greatest common factor of i and y.
2
Suppose -3*c + 44 = 2*l, -4*c + 44 = c - 4*l. Suppose -3*f + 2 = -1. Let o be 2/1 + f*6. What is the highest common factor of o and c?
4
Suppose 0 = -v + 4*p + 2 - 1, -5*p = 5*v - 5. Let o(d) = -d**3 - 5*d**2 - 2*d - 1. Let h be o(-5). Calculate the highest common divisor of h and v.
1
Let p(m) = 19*m + 7. Let u(s) = 10*s + 3. Let v(o) = -2*p(o) + 5*u(o). Let r be v(-7). Let y = -59 - r. Calculate the greatest common factor of 12 and y.
12
Suppose 2*w = 5*w - 72. Suppose 0 = l - w - 8. Suppose 3*d - l = -a - 3, 2*a = -d + 43. What is the highest common divisor of a and 5?
5
Suppose 3*c + 22 = 52. Let t be 3*-1 + 91 + 2. What is the highest common factor of c and t?
10
Let i be 1/((-2)/((-52)/2)). Let b(j) = j**3 + 13*j**2 + 3*j + 9. Let c be b(-12). Calculate the highest common divisor of c and i.
13
Suppose a - 2*b - 4 = 0, -3*a + 4*a - 29 = -3*b. Let f = 5 - 3. What is the greatest common factor of f and a?
2
Let b(h) = h**3 - h**2 - 2*h + 1. Let m be b(3). What is the highest common divisor of m and 26?
13
Suppose 23 = -i + 3*q + 70, 3*q = 3*i - 117. What is the highest common divisor of i and 7?
7
Suppose -3*q + 7*q = 400. Suppose -3*j + 5*j - 64 = 5*a, 4*j - q = -4*a. Suppose j = 4*f - 73. What is the greatest common divisor of f and 5?
5
Let b be 2/(-3) + 20/12. Calculate the highest common factor of 1 and b.
1
Let f(c) = -c**3 - 8*c**2 - 5*c - 4. Let g be f(-8). Let w(r) = -r + 3. Let l be w(-6). What is the highest common divisor of g and l?
9
Suppose 3*a - 148 = 8. What is the greatest common factor of 13 and a?
13
Let b(d) = 268*d. Let s be b(1). Let r = s - 508. Let p = -160 - r. What is the greatest common factor of 20 and p?
20
Suppose 5*n + 4 + 1 = 0. Let d be 187/2*(3 + n). Let m = 3 - -14. What is the greatest common divisor of m and d?
17
Suppose i + 150 = 4*i. Let k(o) = -o**3 + 4*o**2 + o - 2. Let t be k(3). What is the highest common factor of i and t?
10
Let u(l) = 2*l**2 + 10*l + 8. Let g be u(-5). Calculate the greatest common divisor of g and 12.
4
Let t = -60 - -116. Calculate the greatest common divisor of t and 84.
28
Let i = 0 + 2. Let o = -9 - -13. Let r be 0 + (-11)/(-2)*o. Calculate the greatest common factor of i and r.
2
Let m = -11 - -9. Let d be -5*(m - -1)*3. Calculate the highest common factor of d and 3.
3
Suppose -n - 1 = -2. Let r be (-1 - -3 - 3) + 0. Let h be (6/4)/(r/(-2)). What is the greatest common divisor of h and n?
1
Suppose 344 = 3*g - 0*w + 4*w, 5*w = 10. Calculate the g